{"id":1805,"date":"2020-06-08T18:31:49","date_gmt":"2020-06-08T16:31:49","guid":{"rendered":"https:\/\/www.studiocoiff.fr\/\/?page_id=1805"},"modified":"2020-07-10T22:26:28","modified_gmt":"2020-07-10T20:26:28","slug":"cheques-cadeaux","status":"publish","type":"page","link":"https:\/\/www.studiocoiff.fr\/index.php\/pages\/cheques-cadeaux\/","title":{"rendered":"Ch\u00e8ques cadeaux"},"content":{"rendered":"<p>[vc_row][vc_column]<h3 class=\"ozy-divider-cap-left wpb_content_element\">Offrez un bon cadeau \u00e0 la personne de votre choix !<\/h3><div class=\"ozy-content-divider \" style=\"border-top-style:solid;border-top-width:2px;border-top-color:#f33337;width:40px;max-width:40px;\"><\/div><div style=\"height:30px\" class=\"ozy-spacer\"><\/div><div class=\"wpb_content_element\" style=\"text-align:left;\"><h2 style=\"border:0 solid #000000;background-color:#ffffff;color:#000000;padding:5px 10px;display:inline-block;\">Comment l\u2019utiliser ?<\/h2><\/div>[vc_column_text]Pr\u00e9sentez votre bon cadeau dans le salon de coiffure Studio Coiff&rsquo;<br \/>\net profitez d\u2019une r\u00e9duction d\u2019un montant correspondant au montant indiqu\u00e9 sur le bon cadeau.<br \/>\nAucune monnaie ne pourra \u00eatre rendue sur un ch\u00e8que cadeau.<br \/>\nCe ch\u00e8que cadeau est valable trois mois.<\/p>\n<p>Uniquement dans le salon de coiffure Studio Coiff&rsquo;, 11 rue du pont des bretz, 22100 Qu\u00e9vert[\/vc_column_text][vc_single_image image=\u00a0\u00bb1811&Prime; img_size=\u00a0\u00bbfull\u00a0\u00bb][vc_column_text]Le ch\u00e8que cadeau est une id\u00e9e originale \u00e0 offrir en toutes occasions !<\/p>\n<p>&#8211; No\u00ebl<br \/>\n&#8211; Anniversaire<br \/>\n&#8211; Saint-Valentin<br \/>\n&#8211; F\u00eate des m\u00e8res et des grand-m\u00e8res<br \/>\n&#8211; F\u00eate des p\u00e8res<br \/>\n&#8211; O\u00f9 pour faire plaisir tout simplement&#8230;<\/p>\n<p>&#8211; Pour plus d&rsquo;informations contactez-nous au 02 96 85 19 02[\/vc_column_text][\/vc_column][\/vc_row]<\/p>\n","protected":false},"excerpt":{"rendered":"<p>[vc_row][vc_column][vc_column_text]Pr\u00e9sentez votre bon cadeau dans le salon de coiffure Studio Coiff&rsquo; et profitez d\u2019une r\u00e9duction d\u2019un montant correspondant au montant indiqu\u00e9 sur le bon cadeau. Aucune monnaie ne pourra \u00eatre [&hellip;]<\/p>\n","protected":false},"author":1,"featured_media":0,"parent":43,"menu_order":0,"comment_status":"closed","ping_status":"closed","template":"","meta":{"footnotes":""},"class_list":["post-1805","page","type-page","status-publish","hentry"],"_links":{"self":[{"href":"https:\/\/www.studiocoiff.fr\/index.php\/wp-json\/wp\/v2\/pages\/1805","targetHints":{"allow":["GET"]}}],"collection":[{"href":"https:\/\/www.studiocoiff.fr\/index.php\/wp-json\/wp\/v2\/pages"}],"about":[{"href":"https:\/\/www.studiocoiff.fr\/index.php\/wp-json\/wp\/v2\/types\/page"}],"author":[{"embeddable":true,"href":"https:\/\/www.studiocoiff.fr\/index.php\/wp-json\/wp\/v2\/users\/1"}],"replies":[{"embeddable":true,"href":"https:\/\/www.studiocoiff.fr\/index.php\/wp-json\/wp\/v2\/comments?post=1805"}],"version-history":[{"count":8,"href":"https:\/\/www.studiocoiff.fr\/index.php\/wp-json\/wp\/v2\/pages\/1805\/revisions"}],"predecessor-version":[{"id":2133,"href":"https:\/\/www.studiocoiff.fr\/index.php\/wp-json\/wp\/v2\/pages\/1805\/revisions\/2133"}],"up":[{"embeddable":true,"href":"https:\/\/www.studiocoiff.fr\/index.php\/wp-json\/wp\/v2\/pages\/43"}],"wp:attachment":[{"href":"https:\/\/www.studiocoiff.fr\/index.php\/wp-json\/wp\/v2\/media?parent=1805"}],"curies":[{"name":"wp","href":"https:\/\/api.w.org\/{rel}","templated":true}]}}