{"id":1700,"date":"2020-06-06T19:01:52","date_gmt":"2020-06-06T17:01:52","guid":{"rendered":"https:\/\/www.studiocoiff.fr\/\/?page_id=1700"},"modified":"2020-07-10T22:29:05","modified_gmt":"2020-07-10T20:29:05","slug":"acces-pmr","status":"publish","type":"page","link":"https:\/\/www.studiocoiff.fr\/index.php\/pages\/acces-pmr\/","title":{"rendered":"PMR"},"content":{"rendered":"<p>[vc_row][vc_column width=\u00a0\u00bb1\/2&Prime;]<h3 class=\"ozy-divider-cap-left wpb_content_element\">PMR<\/h3><div class=\"ozy-content-divider \" style=\"border-top-style:solid;border-top-width:2px;border-top-color:#f33337;width:40px;max-width:40px;\"><\/div>[vc_column_text]Il nous semblait important d&rsquo;accompagner les personnes \u00e0 mobilit\u00e9 r\u00e9duite lors des prestations de coiffure.<br \/>\nSe faire coiffer lorsqu&rsquo;on est en fauteuil roulant, c&rsquo;est loin d&rsquo;\u00eatre \u00e9vident. Le transfer au bac \u00e0 shampooing, trouver une position qui convient, autant de contraintes qui peuvent transformer ce moment de bien-\u00eatre en gal\u00e8re.<\/p>\n<p>Le salon de coiffure Studio Coiff, est donc maintenant \u00e9quip\u00e9 d&rsquo;une colonne pour le shampoioing des personnes \u00e0 mobilit\u00e9 r\u00e9duite en \u00e9vitant les probl\u00e8mes qui peuvent \u00eatre rencontrer par les personnes en fauteuils roulants.<br \/>\nMaintenant, plus de probl\u00e8mes nous nous adaptons \u00e0 votre sp\u00e9cificit\u00e9 pour votre plus grands confort.[\/vc_column_text][\/vc_column][vc_column width=\u00a0\u00bb1\/2&Prime;][vc_single_image image=\u00a0\u00bb1791&Prime; img_size=\u00a0\u00bbmedium\u00a0\u00bb style=\u00a0\u00bbvc_box_shadow_3d\u00a0\u00bb][\/vc_column][\/vc_row][vc_row][vc_column width=\u00a0\u00bb1\/4&Prime;][vc_single_image image=\u00a0\u00bb1953&Prime; img_size=\u00a0\u00bbmedium\u00a0\u00bb alignment=\u00a0\u00bbright\u00a0\u00bb style=\u00a0\u00bbvc_box_shadow_border_circle\u00a0\u00bb][\/vc_column][vc_column width=\u00a0\u00bb1\/4&Prime;][vc_single_image image=\u00a0\u00bb1954&Prime; style=\u00a0\u00bbvc_box_shadow_border_circle\u00a0\u00bb][\/vc_column][vc_column width=\u00a0\u00bb1\/4&Prime;][\/vc_column][vc_column width=\u00a0\u00bb1\/4&Prime;][\/vc_column][\/vc_row]<\/p>\n","protected":false},"excerpt":{"rendered":"<p>[vc_row][vc_column width=\u00a0\u00bb1\/2&Prime;][vc_column_text]Il nous semblait important d&rsquo;accompagner les personnes \u00e0 mobilit\u00e9 r\u00e9duite lors des prestations de coiffure. Se faire coiffer lorsqu&rsquo;on est en fauteuil roulant, c&rsquo;est loin d&rsquo;\u00eatre \u00e9vident. Le transfer [&hellip;]<\/p>\n","protected":false},"author":1,"featured_media":0,"parent":43,"menu_order":0,"comment_status":"closed","ping_status":"closed","template":"","meta":{"footnotes":""},"class_list":["post-1700","page","type-page","status-publish","hentry"],"_links":{"self":[{"href":"https:\/\/www.studiocoiff.fr\/index.php\/wp-json\/wp\/v2\/pages\/1700","targetHints":{"allow":["GET"]}}],"collection":[{"href":"https:\/\/www.studiocoiff.fr\/index.php\/wp-json\/wp\/v2\/pages"}],"about":[{"href":"https:\/\/www.studiocoiff.fr\/index.php\/wp-json\/wp\/v2\/types\/page"}],"author":[{"embeddable":true,"href":"https:\/\/www.studiocoiff.fr\/index.php\/wp-json\/wp\/v2\/users\/1"}],"replies":[{"embeddable":true,"href":"https:\/\/www.studiocoiff.fr\/index.php\/wp-json\/wp\/v2\/comments?post=1700"}],"version-history":[{"count":9,"href":"https:\/\/www.studiocoiff.fr\/index.php\/wp-json\/wp\/v2\/pages\/1700\/revisions"}],"predecessor-version":[{"id":1955,"href":"https:\/\/www.studiocoiff.fr\/index.php\/wp-json\/wp\/v2\/pages\/1700\/revisions\/1955"}],"up":[{"embeddable":true,"href":"https:\/\/www.studiocoiff.fr\/index.php\/wp-json\/wp\/v2\/pages\/43"}],"wp:attachment":[{"href":"https:\/\/www.studiocoiff.fr\/index.php\/wp-json\/wp\/v2\/media?parent=1700"}],"curies":[{"name":"wp","href":"https:\/\/api.w.org\/{rel}","templated":true}]}}

<p>[vc_row][vc_column width= »1/2&Prime;]<h3 class="ozy-divider-cap-left wpb_content_element">PMR</h3><div class="ozy-content-divider " style="border-top-style:solid;border-top-width:2px;border-top-color:#f33337;width:40px;max-width:40px;"></div>[vc_column_text]Il nous semblait important d&rsquo;accompagner les personnes à mobilité réduite lors des prestations de coiffure.<br />
Se faire coiffer lorsqu&rsquo;on est en fauteuil roulant, c&rsquo;est loin d&rsquo;être évident. Le transfer au bac à shampooing, trouver une position qui convient, autant de contraintes qui peuvent transformer ce moment de bien-être en galère.</p>
<p>Le salon de coiffure Studio Coiff, est donc maintenant équipé d&rsquo;une colonne pour le shampoioing des personnes à mobilité réduite en évitant les problèmes qui peuvent être rencontrer par les personnes en fauteuils roulants.<br />
Maintenant, plus de problèmes nous nous adaptons à votre spécificité pour votre plus grands confort.[/vc_column_text][/vc_column][vc_column width= »1/2&Prime;][vc_single_image image= »1791&Prime; img_size= »medium » style= »vc_box_shadow_3d »][/vc_column][/vc_row][vc_row][vc_column width= »1/4&Prime;][vc_single_image image= »1953&Prime; img_size= »medium » alignment= »right » style= »vc_box_shadow_border_circle »][/vc_column][vc_column width= »1/4&Prime;][vc_single_image image= »1954&Prime; style= »vc_box_shadow_border_circle »][/vc_column][vc_column width= »1/4&Prime;][/vc_column][vc_column width= »1/4&Prime;][/vc_column][/vc_row]</p>

<p>[vc_row][vc_column width= »1/2&Prime;][vc_column_text]Il nous semblait important d&rsquo;accompagner les personnes à mobilité réduite lors des prestations de coiffure. Se faire coiffer lorsqu&rsquo;on est en fauteuil roulant, c&rsquo;est loin d&rsquo;être évident. Le transfer [&hellip;]</p>
